 28*x - 55. Determine t(-3).
101
Let p(v) = -11*v**3 - 17*v**2 + 6*v - 2. Determine p(-3).
124
Let h(z) = -z**2 - 61*z - 589. Give h(-8).
-165
Let l(y) = -y**3 - 11*y**2 - 14*y - 43. What is l(-10)?
-3
Let u(l) = -9*l**2 + 459*l - 22. Calculate u(51).
-22
Let x(g) = 8*g - 178. Give x(17).
-42
Let f(s) = -154*s - 5789. Calculate f(-38).
63
Let l(v) = v**3 + 11*v**2 + 159*v + 634. Determine l(-5).
-11
Let a(m) = -2004*m + 8016. Calculate a(4).
0
Let j(f) = 22*f + 41. Give j(-5).
-69
Let u(y) = y**2 - 116*y - 13686. What is u(189)?
111
Let z(l) = l**3 - 24*l**2 + 139*l - 89. What is z(8)?
-1
Let b(w) = 9*w**2 + 205*w - 15. Calculate b(-22).
-169
Let i(m) = -42*m + 540. Determine i(13).
-6
Let s(z) = -2*z**3 + z**2 + 9*z - 146. What is s(7)?
-720
Let t(h) = 20*h**3 - 8*h**2 + 15*h + 10. What is t(2)?
168
Let v(w) = w**2 + 248*w + 4717. Determine v(-21).
-50
Let q(f) = -4*f - 460. Give q(-50).
-260
Let f(l) = -38*l - 345. Give f(-9).
-3
Let b(c) = 2*c**2 - 41*c - 44. Give b(21).
-23
Let z(g) = -14*g + 1351. Give z(91).
77
Let h(b) = 4*b**2 + 166*b - 842. Calculate h(5).
88
Let y(u) = 261*u + 15937. Give y(-61).
16
Let n(t) = 5*t + 13. Calculate n(-8).
-27
Let r(t) = 76*t - 631. Calculate r(9).
53
Let l(w) = -100*w - 3590. Give l(-36).
10
Let a(x) = 33*x + 2195. Calculate a(-67).
-16
Let j(o) = -o**2 - 48*o - 174. Calculate j(-4).
2
Let v(n) = 138*n + 144. What is v(-1)?
6
Let z(p) = 2*p**2 - 10*p - 78. Give z(-6).
54
Let r(j) = -j**3 + 80*j**2 + 14*j - 1087. Determine r(80).
33
Let u(g) = 68*g + 3119. What is u(-46)?
-9
Let u(c) = -c**3 + 8*c**2 - 12*c + 44. Determine u(6).
44
Let x(h) = 11*h + 489. Give x(-41).
38
Let n(p) = -p**3 - 41*p**2 + 86*p - 29. What is n(-43)?
-29
Let j(u) = 143*u + 244. Give j(4).
816
Let i(z) = z**2 - 9*z - 99. Give i(-6).
-9
Let b(s) = 20*s**2 + 15*s - 5. What is b(0)?
-5
Let b(l) = -11*l**2 + 55*l + 239. Calculate b(-3).
-25
Let p(z) = 2374*z - 4734. Calculate p(2).
14
Let g(n) = 428*n + 4277. Calculate g(-10).
-3
Let u(v) = -31*v + 303. Give u(14).
-131
Let z(k) = -58*k - 2789. What is z(-48)?
-5
Let u(p) = 2*p**2 + 8*p - 63. Give u(15).
507
Let y(f) = -f**3 - 109*f**2 - 527*f - 27. Give y(-5).
8
Let t(k) = -36*k - 20. Calculate t(-1).
16
Let i(r) = -r**2 + 253*r - 4021. Give i(17).
-9
Let n(b) = -b**3 + 15*b**2 + 125*b - 9. Give n(-6).
-3
Let f(j) = 51*j + 1022. Give f(-20).
2
Let v(z) = -1754*z + 17554. Give v(10).
14
Let g(r) = -r**3 + 27*r**2 - 46*r - 127. Determine g(25).
-27
Let v(n) = 571*n - 499. What is v(1)?
72
Let p(y) = y**3 - 27*y**2 + 95*y - 33. Give p(23).
36
Let c(n) = 38*n + 287. What is c(-9)?
-55
Let z(n) = 94*n + 386. What is z(-4)?
10
Let h(c) = -c**3 - c**2 - c - 28. Determine h(0).
-28
Let d(u) = -1820*u + 23658. Determine d(13).
-2
Let i(z) = -z**3 - 22*z**2 + 37*z - 18. What is i(-24)?
246
Let k(o) = -o**3 - 19*o**2 - 59*o + 18. Give k(-15).
3
Let r(z) = 2*z**2 + 102*z - 380. What is r(-55)?
60
Let f(w) = -9*w**2 + 13*w - 8. What is f(1)?
-4
Let i(z) = -39*z**2 + 311*z + 6. Determine i(8).
-2
Let z(v) = -6*v - 64. Calculate z(-5).
-34
Let h(t) = t**3 + 9*t**2 - 99*t - 821. Determine h(-11).
26
Let i(n) = -n**2 - 13*n - 72. Give i(-15).
-102
Let o(w) = 7*w**2 + 174*w. Calculate o(5).
1045
Let i(t) = t**3 - 149*t**2 - 280*t - 3324. Calculate i(151).
-2
Let o(b) = 1611*b + 9668. Calculate o(-6).
2
Let r(f) = -2*f**2 - 303*f - 4567. Calculate r(-17).
6
Let h(b) = -3*b**3 - 26*b**2 + 27*b + 342. Give h(-8).
-2
Let n(w) = -1391*w + 5554. Give n(4).
-10
Let i(u) = -188*u + 1880. Determine i(10).
0
Let j(m) = 67*m + 2401. Calculate j(-36).
-11
Let b(y) = y**2 + 61*y - 1318. Calculate b(17).
8
Let y(w) = 65*w**3 + 6*w**2 + 2. Determine y(1).
73
Let v(b) = 9*b**2 - 2*b - 5. Calculate v(-2).
35
Let r(t) = 36*t - 144. Determine r(6).
72
Let h(u) = 2*u**2 + 128*u + 1771. What is h(-44)?
11
Let p(n) = -19*n + 97. Give p(-15).
382
Let z(i) = 347*i - 339. Give z(1).
8
Let s(y) = -16*y**2 + 1212*y + 223. Calculate s(76).
-81
Let d(s) = -160*s + 396. Determine d(2).
76
Let c(q) = -3*q**2 - 629*q + 3112. Give c(5).
-108
Let d(p) = p**3 - 15*p**2 - 44*p + 36. What is d(17)?
-134
Let a(m) = m**2 - 31*m - 102. Calculate a(32).
-70
Let y(z) = 1346*z - 14852. Determine y(11).
-46
Let y(m) = -59*m**2 + 36*m - 10. What is y(-1)?
-105
Let h(o) = -o**3 + 3*o**2 + 227*o - 1390. Give h(7).
3
Let p(j) = 3*j**3 + 2*j**2 - 105*j - 9. What is p(6)?
81
Let r(t) = t**3 - 9*t**2 + 523*t - 3028. Determine r(6).
2
Let j(y) = -y**2 - 28*y + 402. Give j(11).
-27
Let r(h) = 2*h**3 + 22*h**2 + 2*h + 16. Calculate r(-8).
384
Let u(j) = -j**3 - 345*j**2 + 5026*j - 11. Calculate u(-359).
-11
Let q(c) = -12*c**2 - 95*c - 572. Determine q(-7).
-495
Let q(k) = 5*k**3 - 24*k**2 - 8*k + 4. Determine q(5).
-11
Let u(t) = -3*t**3 - 26*t**2 - 22*t - 16. Determine u(-8).
32
Let w(q) = 4*q**2 + 48*q - 36. Calculate w(-12).
-36
Let t(h) = -h**3 - 4*h**2 - 20*h - 111. Give t(-5).
14
Let f(v) = -5*v**3 + 439*v**2 + 87*v + 91. What is f(88)?
3
Let r(q) = 2*q**2 - 21*q + 37. What is r(2)?
3
Let g(s) = -s**3 + 9*s**2 - 10*s + 6. Determine g(8).
-10
Let o(d) = 8*d + 89. Calculate o(-30).
-151
Let s(r) = 169*r - 221. Calculate s(4).
455
Let z(o) = -o**2 - 28*o + 411. Determine z(8).
123
Let g(u) = 2*u**2 + 9*u - 141. Give g(-17).
284
Let r(y) = 531*y + 7955. Determine r(-15).
-10
Let r(d) = 19*d**2 + d + 4. Determine r(-3).
172
Let y(r) = -39*r - 282. Calculate y(-8).
30
Let f(k) = -k**2 - 24*k + 80. Determine f(-28).
-32
Let z(d) = 4*d**3 - 52*d**2 + 19*d - 19. Calculate z(14).
1031
Let k(l) = 5*l + 29. Determine k(7).
64
Let n(m) = 16*m**3 - 3*m**2 - 35*m + 72. Calculate n(2).
118
Let l(t) = 483*t**2 - 28*t + 2. Calculate l(-1).
513
Let f(w) = 18*w + 406. What is f(-23)?
-8
Let c(y) = y**2 - 22*y - 60. Determine c(32).
260
Let j(z) = -1312*z - 14446. Give j(-11).
-14
Let v(r) = -r**3 + 12*r**2 - 13*r + 31. What is v(11)?
9
Let c(u) = 2*u**2 + 206*u - 27194. Determine c(-179).
14
Let b(v) = -3*v + 121. Calculate b(-17).
172
Let r(m) = 142*m + 899. Give r(-9).
-379
Let n(l) = -29*l + 90. What is n(4)?
-26
Let y(k) = 379*k - 4963. What is y(13)?
-36
Let x(q) = -q**3 + 18*q**2 - 47*q - 321. Calculate x(10).
9
Let p(v) = -v**2 - 39*v - 225. Calculate p(-7).
-1
Let l(y) = 60*y + 147. Give l(-3).
-33
Let j(d) = -d**2 - 7*d + 12. What is j(-8)?
4
Let y(z) = -z**3 + 4*z**2 - 6*z + 7. Determine y(2).
3
Let h(o) = 71*o**2 - 7*o - 8. Determine h(-1).
70
Let j(w) = -2*w**3 + 13*w**2 + 9*w + 17. Determine j(8).
-103
Let w(a) = -a**3 - 122*a**2 - 1333*a - 1438. Give w(-110).
-8
Let r(d) = d**3 - 3*d**2 - 139*d + 409. Determine r(3).
-8
Let k(p) = 2*p**2 - 22*p - 31. Give k(0).
-31
Let h(n) = n**2 - 257*n + 5618. Calculate h(24).
26
Let f(y) = -3290*y - 19742. Determine f(-6).
-2
Let y(h) = h**3 - 15*h**2 - 14*h + 495. What is y(7)?
5
Let r(s) = -s**2 - 52*s - 327. Determine r(-44).
25
Let x(c) = 14*c**3 + 2*c**2 - 1. What is x(-1)?
-13
Let s(z) = -7*z - 123. Calculate s(16).
-235
Let l(i) = 4*i**2 + 203*i - 1377. Determine l(6).
-15
Let c(q) = -6*q - 100. Give c(-16).
-4
Let y(j) = -j**3 + 5*j**2 - 37*j + 192. Give y(5).
7
Let p(u) = -2*u**2 + 17*u - 30. Determine p(5).
5
Let i(n) = -1126*n + 12379. Give i(11).
-7
Let q(f) = -20*f - 411. Determine q(-26).
109
Let h(k) = 5*k**2 - 14*k + 18. What is h(6)?
114
Let g(m) = m**3 + 20*m**2 + 48*m - 270. Give g(-16).
-14
Let d(z) = 141*z + 4933. Determine d(-35).
-2
Let g(a) = 5*a**2 + 10*a - 4. What is g(2)?
36
Let g(q) = -486*q + 1903. Calculate g(4).
-41
Let y(s) = -s**3 - 136*s**2 + 850*s + 12. Calculate y(6).
0
Let n(z) = z**2 - 22*z + 85. Calculate n(18).
13
Let r(h) = -h**3 - 17*h**2 - 71*h + 3. Determine r(-12).
135
Let k(h) = -47*h - 626. Determine k(-13).
-15
Let b(s) = -35*s**2 - 26*s - 89. What is b(-2)?
-177
Let y(p) = -2*p**3 - 91*p**2 + 62*p + 786. Determine y(-46).
50
Let n(d) = -81*d - 4386. Determine n(-54).
-12
Let h(w) = 343*w - 1970. Calculate h(9).
1117
Let t(j) = j**3 + 2*j**2 - 7*j. Calculate t(5).
140
Let t(h) = h**3 + 8*h**2 - 61*h - 583. What is t(-10)?
-173
Let i(h) = 5*h**2 - 151*h + 25. What is i(30)?
-5
Let r(o) = o**2 - 12*o - 33. Give r(-2).
-5
Let t(m) = -10*m - 344. Give t(-23).
-114
Let z(s) = -s**2 - 98*s + 2841. What is z(-121)?
58
Let z(u) = -1038*u + 6143. Give z(6).
-85
Let r(v) =